b + 24 = -0*b. Suppose 5*g - b = 2*g. Let p(q) be the second derivative of q**5/10 - q**4/6 - q**3/6 - q**2/2 - 2*q. Determine p(g).
5
Suppose -6*u = -84 + 102. Let i(k) = -k**2 - k + 1. Determine i(u).
-5
Let d(s) = -s**3 - s**2 + s. Let q = 27 + -22. Suppose 0 = -o - 2*g, -2*g + q = 3*o + 1. Calculate d(o).
-10
Let o = 1 - 4. Let f(z) be the first derivative of z**3/6 + 2*z**2 - 3*z + 4. Let y(j) be the first derivative of f(j). Determine y(o).
1
Let p(j) = 3*j**2 - 2*j - 1. Let n(x) = x**3 + x. Let k(i) = 2*n(i) + p(i). What is k(-2)?
-5
Let a(w) = -5*w**2 - 6 + 3*w**3 + 11*w**2 - 2*w**3. Let o(g) = -5*g - 1. Let y be o(1). Determine a(y).
-6
Let t(l) = -1. Let g(q) = q**2 - 15. Let c(z) = -g(z) + 5*t(z). Give c(0).
10
Suppose 0 = b - 3*p + p, p = -2*b + 10. Let s(l) = -l**2 + 6*l - 3. Calculate s(b).
5
Let b(q) = q**3 + 3. Suppose 3 = -2*c - 1. Let r be 0*(1 - -1)/c. Suppose -v - 25 = -r*f - 5*f, 3*v + 5 = f. Calculate b(v).
3
Let w(y) = y**2 - 7*y. Let q = 24 + -19. Give w(q).
-10
Let z(i) be the third derivative of -i**4/24 + i**3/6 - 4*i**2. What is z(0)?
1
Let o(p) = -3*p + 6. Let n(f) = 4*f - 7. Let i(u) = -4*n(u) - 5*o(u). Let j = -12 + 8. Calculate i(j).
2
Let b(a) = a - 17. Let r be b(18). Let g(x) = -5*x**3 - x**2. Determine g(r).
-6
Let c(s) = -2*s + 1. Let q = 5 - 3. Let k(r) = 0 - 3 - r**3 - r**2 - 2*r**q. Let j be k(-3). What is c(j)?
7
Let j(m) = 2*m - 1. Suppose 2*p + 4*a + 16 = 0, -4*p - 2*a = a + 17. Give j(p).
-5
Let x(u) = u + 3. Let p(w) = -3*w - 8. Let k(o) = -3*p(o) - 8*x(o). Give k(-4).
-4
Let x(f) = -f**3 + 2*f**2 + 3 - 7*f**2 - 35*f + 32*f. Calculate x(-4).
-1
Let m(q) be the first derivative of 0*q**4 - 1/6*q**3 + 0*q - 1/60*q**5 + 1 + 1/2*q**2. Let u(z) be the second derivative of m(z). Determine u(3).
-10
Let t(m) be the third derivative of m**4/6 - 16*m**2. Determine t(-6).
-24
Suppose -q + 2*q + 4 = 0. Let u(t) = -t - 4*t - 2 + 0*t + 0*t**2 + 2*t**2. Let k(s) = -3*s**2 + 10*s + 3. Let r(h) = 3*k(h) + 5*u(h). Determine r(q).
-5
Let q be (18/(-12))/(3/(-8)). Let j(v) = v**2 - q*v + 10 - 3*v + 8*v - 9*v. Determine j(7).
3
Suppose 11*d - 10*d = 2. Let r(c) = -c**3 + 3*c - 2. Determine r(d).
-4
Suppose -2*d + 0*d + o + 8 = 0, -4*d + 16 = -3*o. Suppose -s + d - 2 = 0. Let f(x) = 0*x - s*x + x - 8 + 1. What is f(0)?
-7
Suppose -4*z = 5*w - 3 - 5, 4*w + 5*z = 1. Let v(c) = 2*c**2 - 3*c - 2. Give v(w).
18
Let d(i) be the first derivative of 2*i - 5/3*i**3 - 7 + 1/4*i**4 + 3/2*i**2. Give d(4).
-2
Let c(p) = p**3 - 6*p**2 + 3*p + 3. Suppose -2*l + 3 - 1 = 0. Suppose -9 = -2*y + l. Give c(y).
-7
Let u(b) = b**2 - 7*b + 5. Suppose 0 = -6*v + v. Suppose v = -4*o + 8*o - 8. Let q be o*(-9)/(-6) + 2. Calculate u(q).
-5
Let y(x) = x**2 - 5*x - 3. Let p = -37 - -41. What is y(p)?
-7
Let y(b) = b**2 - 4*b - 2. Let m be y(4). Let p = -1 - m. Let f(t) be the first derivative of -3*t**4/2 - t**2/2 + t - 2. Calculate f(p).
-6
Let m(c) = -c**3 + 7*c**2 - 4*c - 5. Let t be m(6). Let h(s) = -t - 9*s**3 - 5*s**2 + 4*s + 3*s**3 + 5*s**3. Calculate h(-6).
5
Suppose -3*l + 24 = 5*x, 6*l + 6 = 7*l + x. Let s(n) = -5*n - 1. Let j(d) = -4*d - 1. Let o(v) = -6*j(v) + 5*s(v). Calculate o(l).
-2
Let h(w) = -2*w**2 - 6*w - 6. Suppose -20 = 2*s + 3*s. Calculate h(s).
-14
Let l(g) be the third derivative of 1/8*g**4 - 1/10*g**5 + 1/120*g**6 - 6*g**2 + 0*g + 0 - 1/2*g**3. Let u be 6/4*(-10)/(-3). Give l(u).
-13
Let t(o) be the first derivative of 0*o**3 + 1 + 7/2*o**2 - 1/20*o**5 + 5/12*o**4 - o. Let m(c) be the first derivative of t(c). Determine m(5).
7
Let y = 2 - 0. Let t(a) = 2*a**3 + 3*a**2 + a + 11. Let j(f) = 3*f**3 + 5*f**2 + 2*f + 17. Let c be 3/18*8*-6. Let q(x) = c*t(x) + 5*j(x). Determine q(y).
-3
Let s(q) = -q**3 + 5*q**2 - 5*q. Let w = 75 + -130. Let k = w - -37. Let r be ((-12)/(-10))/(k/(-60)). Determine s(r).
-4
Let d(a) = -9*a + 3*a - a**2 - 4 + 1. What is d(-6)?
-3
Let u = -7 - -11. Let r = -8 + u. Let a(q) be the second derivative of -q**4/12 - 2*q**3/3 + q**2 - 4*q. Give a(r).
2
Suppose l - 2*q - 4 = 0, -q - 7 = -2*l - l. Let d be (-24)/4 + -4 + l. Let u(x) = -x - 5. Determine u(d).
3
Let c(w) be the second derivative of w**2 - 1/4*w**4 + 0 - 1/2*w**3 + 1/20*w**5 - w. What is c(3)?
-7
Let l(s) be the first derivative of -s**3/3 - s**2/2 + 7. Let d be l(-1). Let h(r) = r + 6. What is h(d)?
6
Let n(o) = -o - 4. Let u = 6 - 9. Let t be n(u). Let d(y) = -4*y**3 - y**2 + 1. Give d(t).
4
Let y(v) = v + 6. Suppose -6*l = -3*l + 18. Calculate y(l).
0
Let w(v) = -v**2 - 12*v - 24. Let k be w(-10). Let j(d) = 2*d + 5. Determine j(k).
-3
Let p(g) = g**3 + 19*g**2 - 25*g**2 - 2*g**3 + 3 + 7*g + 0. What is p(-7)?
3
Let x(n) = -11*n + 18*n + n**2 + 3 - 8 - 10*n. What is x(5)?
5
Let r(f) be the third derivative of f**5/60 + f**4/6 - 2*f**3/3 - 6*f**2. What is r(-4)?
-4
Let n(s) = -10*s**2. Let w be (0 - 1)/((-1)/2). Suppose -t + w = 1. Determine n(t).
-10
Suppose 1 = -4*s - l + 15, 4*l = 3*s - 20. Let o(p) = 3*p - 8*p - s + 6*p. Let b be 10*((-3)/2 + 2). Determine o(b).
1
Let c(k) be the first derivative of -k**4/4 - 4*k**3/3 + 3*k**2 - 5*k - 1. Let w = -53 + 48. Determine c(w).
-10
Suppose 3*i = -5*i - 8. Let y(b) = -b. Let a(m) = 9*m + 1. Let f(h) = h - 1. Let p be f(5). Let l(g) = p*y(g) + a(g). What is l(i)?
-4
Suppose -5*h + 7*h = 6. Let l(i) = 3 - h + 3 - 4*i. What is l(2)?
-5
Let j(b) = -3*b + 5. Let o(r) = -1. Let v(f) = f - 12. Let p be v(11). Let z(l) = p*j(l) - 3*o(l). Give z(3).
7
Let r(u) be the second derivative of -u**4/12 + 7*u**3/6 - 7*u**2/2 + 3*u. Let b be 10 + (1 + -6 - -1). Determine r(b).
-1
Let z(x) be the first derivative of x**3/3 - 7*x**2/2 + 2*x + 2. Let f(a) = 5*a - 14. Let c be f(4). What is z(c)?
-4
Let l(u) be the first derivative of u**3/3 - 4*u**2 + 3*u - 10. Calculate l(7).
-4
Let p(j) = 3. Let l(d) = -d + 3. Let z(r) = -4*l(r) + 5*p(r). Let n(q) = 4*q - 31. Let u be n(7). What is z(u)?
-9
Let v(j) be the second derivative of -j**3/6 + 3*j**2 + 4*j. Give v(6).
0
Let a(r) = r + 10. Let q be 0 - (-7)/(-1 + 0). Let w(p) be the second derivative of -p**4/12 - p**3 + p**2 - 4*p. Let f be w(q). Calculate a(f).
5
Suppose -g = 4*g. Let t(i) = 10 - i**2 - 6 + 5*i + g. Give t(6).
-2
Let m be ((-2)/5)/(1/(-5)). Let s(j) = -j + j**3 + 10 + 8*j**m + 1 - 2*j**3. Let w be s(8). Let v(i) = i**2 - 5*i + 1. Give v(w).
-5
Suppose -3*p = 6 - 3, 4*p = -4*r - 56. Let g be (-14)/21 - r/(-3). Let b(x) = -3*x**2 - 6*x - x**2 - 7 + 3*x**2. Calculate b(g).
-2
Suppose 4*d - 2*d = 0. Let n(y) = -y**2 + 5. Let z be n(d). Let i(j) be the first derivative of -j**3/3 + j**2 + 6*j + 14. Calculate i(z).
-9
Let y(p) = p**3 + p**2 + p + 25. Let u be y(0). Let t be (-135)/u + 4/10. Let g(x) = x**2 + 6*x. Give g(t).
-5
Let m = 9 + -6. Suppose 8*v - 3*v = -f + 21, 4*v = -3*f + 19. Let y(r) = 0 + v + r**2 + 0*r - 1 - 5*r. What is y(m)?
-3
Let f(j) = j**3 - 5*j**2 + 2*j - 6. Suppose 5*r + 6 - 31 = 0. Give f(r).
4
Let a(o) = -5*o + 5. Let z(c) = -6*c + 6. Suppose -4*q + 2*h + 10 = -0*q, 5*q - 2*h - 15 = 0. Let s(d) = q*a(d) - 4*z(d). What is s(0)?
1
Let a be (4/12)/((-2)/18). Let m(l) = 1 + l + l + 3 + 4*l. Calculate m(a).
-14
Let p(g) = 10*g**2 - 3*g - 2. Let y(b) = -28*b**2 + 9*b + 6. Let x(k) = 11*p(k) + 4*y(k). Determine x(3).
-7
Let w(t) = t**3 - t**2 + 3*t - 7. Let f(m) = -m + 10. Let q be f(7). Let y(b) = 8*b - 8 - 3*b**2 - 3 - 9 + q*b**3. Let g(p) = -11*w(p) + 4*y(p). Determine g(0).
-3
Let b(c) = -7*c**2 - 2*c - 3. Let j(p) = -3*p**2 - p - 2. Let v(u) = 2*b(u) - 5*j(u). Determine v(-3).
10
Let i(t) = t + 5. Suppose -3 = -k + 2*k - 2*c, -3*k = 3*c - 9. Let w = 9 + -6. Suppose -k = g + w. Give i(g).
1
Let j(f) be the second derivative of -1/20*f**5 + 7/12*f**4 + 0 - 4*f - 3/2*f**2 - f**3. What is j(6)?
-3
Suppose -5*x = -3*j - 3 - 32, -x - 2*j = 6. Suppose -4*o + 2*m - 6 = -m, x*m = 5*o + 8. Let g(b) = -b**2 + 1. What is g(o)?
1
Let o be ((-1)/2)/(2 + 203/(-98)). Let j(l) = l**2 - 6*l - 10. What is j(o)?
-3
Let k(c) = -7*c - 6. Let j(q) = 6*q + 5. Let i(s) = -4*j(s) - 3*k(s). Give i(2).
-8
Let w(m) = m**3 - 5*m**2 + 2*m + 2. Suppose -4*v + 25 = -0*v - 3*a, 0 = v - 2*a - 10. Calculate w(v).
-6
Let c(j) be the third derivative of -j**4/24 - j**3 - j**2. Let f be (-4)/10*10*1. Give c(f).
-2
Let p(x) = -x. Let t be ((-34)/5)/(-2) - (-36)/(-90)